ppose -4*r + 3 = 3*f, 3*f = -2*f - r + 22. Suppose 31 = -4*k - f*q, 0 = 3*k - 6*q + 3*q + 3. Let o = 9 + k. What are the prime factors of o?
5
Let z be (-34)/2*-2 + -3. Let r = -16 + z. Suppose -6*h = -h + 5*x + r, -h - 5*x = 23. List the prime factors of h.
2
Let q = -5 + 8. Suppose -4*p + q*f + 1 = p, 2*f - 8 = -p. Suppose 12 = -p*o + 3*o. What are the prime factors of o?
2, 3
Suppose -63 = -k - 2*m, 189 = 3*k - m - 0*m. What are the prime factors of k?
3, 7
Suppose 0 = -4*n + 9 - 1. Suppose 17 = -5*f + n*g + 6, 4*g - 16 = 4*f. List the prime factors of (-8)/(-4)*(-2)/f.
2
Let w = 30 - -30. What are the prime factors of w?
2, 3, 5
Suppose -r - 65 = 5*j, 0 = 3*r - r + 3*j + 102. What are the prime factors of (-2)/(r/(-51) - 1)?
17
Let h = 4 + -1. Suppose 0 = -2*p + 4*u + 6, p - h*u = -0*p + 1. What are the prime factors of p?
7
Suppose -q - 10 = -6*q. What are the prime factors of 12/(q - 1) - 3?
3
Suppose l = 39 + 14. List the prime factors of l.
53
Let n(z) be the third derivative of -z**5/60 + 13*z**4/24 + 2*z**3/3 - 6*z**2. What are the prime factors of n(11)?
2, 13
Let g = 60 - 34. List the prime factors of g.
2, 13
Suppose -1134 = -5*z - 2*t, -3*z - 3*t + 685 = 1. What are the prime factors of z?
2, 113
Suppose 2*t = s + 3*s - 250, 4*s + t - 235 = 0. Suppose -4*q + 0*q + s = 0. What are the prime factors of q?
3, 5
Suppose 4*l - 136 = 2*q, -3*q - 3 - 9 = 0. Suppose 2*n - l = -x - 2*x, -43 = -4*x - 3*n. Let f = x - -3. What are the prime factors of f?
13
Let k(n) = 3*n**2 + 19*n - 9. List the prime factors of k(-9).
3, 7
Suppose 4*b = -0*b + 240. Suppose 4*r = 4*c - b, 5*c - 40 = -r - r. List the prime factors of c.
2, 5
Let m = -3 + 4. Let f be (1 - 51) + 1/m. List the prime factors of (-1)/4 - f/4.
2, 3
Let o = 1 - -2. Suppose -v + 39 = -4*v - o*b, -4*v + 2*b = 70. Let x = 27 + v. What are the prime factors of x?
11
Let x(n) = -9*n**3 + n**2 + 4*n + 3. List the prime factors of x(-3).
3
Let i = 93 + -35. What are the prime factors of i?
2, 29
Let s be (-1)/(-8) + (-15)/(-8). Suppose 0 = -5*q - p + 5, 3*q - 8 = 4*q + s*p. What are the prime factors of q?
2
Let z = 17 - -34. List the prime factors of z.
3, 17
Let x be (-8)/(-3)*(-63)/(-28). Suppose 20 = o - x*o. Let f(v) = v**2 + v + 5. What are the prime factors of f(o)?
17
Suppose 5*s = -3*u + 4, -1 = -4*u - 3*s + 8. Suppose -u*g + 5*i + 50 = 0, 6*g - 4*g = -5*i. List the prime factors of g.
2, 5
Let m(a) = 1 + 4 - 4*a + 0*a**2 + a**2 - 2. Let b be m(3). Suppose 1 = 4*r - 7, b = -v - 2*r + 10. What are the prime factors of v?
2, 3
Suppose -5*u = -5*g + 30, 3*g + 0*u - u = 16. Suppose -z = -3*z + 2*m + 26, g*z + 4*m = 38. List the prime factors of z.
2, 5
Let y be 28/(-10) - (-1)/(-5). What are the prime factors of 1 + y + 3 - -9?
2, 5
Suppose q = -3*q + 80. Suppose -19 - q = -3*m. List the prime factors of m.
13
Suppose b + 5*a - 2 = 0, b + a - 2 = -0*b. What are the prime factors of b*(-39)/(-6) + 1?
2, 7
Let h be 1/(-2 + (-18)/(-8)). Suppose -20 = -4*f - h. What are the prime factors of f?
2
Let p = -187 - -87. Let r = p + 140. What are the prime factors of r?
2, 5
Let c(p) be the first derivative of -p**4/4 + 3*p**3 - 3*p**2 - 5*p - 3. List the prime factors of c(8).
11
Let b(n) = -2*n - 7. Let p(m) = -m**3 + 10*m**2 + 5. Let x be p(10). Let y(l) = l + 4. Let w(u) = x*y(u) + 2*b(u). List the prime factors of w(5).
11
Let r = 446 - 26. List the prime factors of r.
2, 3, 5, 7
Let t = 12 + 23. List the prime factors of t.
5, 7
Suppose -2*o - 100 = -5*q - 4*o, 4*q = -o + 80. List the prime factors of ((-9)/(-5))/(6/q).
2, 3
Let v(m) = 22*m - 4. Let c(n) = -n + 1. Let q(p) = 3*c(p) + v(p). Let w be q(1). Suppose l + l = w. What are the prime factors of l?
3
Suppose 125 - 31 = i. What are the prime factors of i?
2, 47
Suppose 4*y - c - 775 = -20, -2*y + 5*c = -391. What are the prime factors of y?
2, 47
Suppose -5*p - 17 = 3*q, 4*p + 4*q = -q - 24. Let f be 30/(-2)*p/(-1). What are the prime factors of (f/6)/((-3)/6)?
5
Let p(k) = k**3 + 15*k**2 + 12*k + 28. What are the prime factors of p(-13)?
2, 3, 5, 7
Let q(w) = 33*w**2 + w. List the prime factors of q(-1).
2
Suppose -5*w - 4 - 11 = 0. List the prime factors of w/7 + 1344/49.
3
Let v be 7 + -1 - 3 - 0. Suppose v*j = m + 7*j - 13, 2*m - 26 = -j. What are the prime factors of m?
13
Suppose -47 = -f - 3*g, -3*f + 0*f + 211 = -5*g. Suppose -z - z = -f. List the prime factors of z.
31
Let i(p) = p**3 - p**2 + 3*p - 3. Suppose 0 = -4*n + 2*n + 6. List the prime factors of i(n).
2, 3
Let b(x) = -x**3 - 4*x**2 - 2. Let o be b(4). Let t = 182 + o. What are the prime factors of t?
2, 13
Let m(p) = -7*p + 3. What are the prime factors of m(-6)?
3, 5
Suppose 3*z + 3*p - 429 = 0, -2*p + 0*p + 730 = 5*z. What are the prime factors of z?
2, 37
Suppose -5*y - 4*k - 1 - 5 = 0, -2*y - 4 = 2*k. What are the prime factors of y?
2
Let g = -42 + 22. Let b be 2/(-4) + g/(-8). Suppose -w = b*w - 27. List the prime factors of w.
3
Let l = 49 + -12. Let g = l + -16. What are the prime factors of g?
3, 7
Let y = -138 + 173. List the prime factors of y.
5, 7
Suppose -l + 5*y - 9 = 0, 2*l = -0*y + 2*y + 6. Let x(d) = -d**3 + 17*d**2 - 15*d - 14. Let i be x(16). Let c = l - i. List the prime factors of c.
2
Suppose 2 - 3 = h. What are the prime factors of 23 - 8 - h*2?
17
Let k be (-32)/(-14) + 4/(-14). Let j(t) = -9*t. Let g be j(k). Let r = g - -32. List the prime factors of r.
2, 7
Let u(l) = -2*l + 3*l - 1 + 5*l + 0. What are the prime factors of u(3)?
17
Let b = -35 + 37. What are the prime factors of b?
2
Suppose 2*v - 10 = -3*v. Let a be (-1 - -1)*v/(-4). Suppose a = -o - 0 + 4. List the prime factors of o.
2
Suppose -4*k + 225 = -43. What are the prime factors of k?
67
Suppose -3*m - 3*l + 117 = 0, 4*l - 141 = -4*m + 3*l. Suppose -j + m = j. List the prime factors of j.
17
Let g = 6 - 5. What are the prime factors of -2 - (g - (-1 + 19))?
3, 5
Suppose 4*w - s = 283, -11 = -w + s + 56. List the prime factors of w.
2, 3
Let l(o) = o**3 + 2*o**2 + 2*o - 1. Let g be 2/(-20)*-4*5. Let y be l(g). Let t = 31 - y. What are the prime factors of t?
2, 3
Let i be -2 - 1*-4 - 10. Suppose -4*b + 5*b + 2 = 0. Let l = b - i. What are the prime factors of l?
2, 3
Let o(c) = c**2 + 5*c + 6. List the prime factors of o(9).
2, 3, 11
Let r be 2*(2 + (-1)/(-2)). Let g(s) = -s**2 + 4*s - 3. Let p be g(r). Let q = p + 20. List the prime factors of q.
2, 3
Let m = -114 + 162. Let l = m + -23. Suppose -2*y = -3*z + l, 3*z + 5*y - 14 = 2*z. What are the prime factors of z?
3
Let c(p) = -5*p + 4. Let o(u) = -5*u - 1. Let n(l) = -l. Let v(m) = -6*n(m) + o(m). Let r(x) = c(x) + 3*v(x). List the prime factors of r(-1).
3
Suppose k - 180 = -5*w, -5*k - 72 = -0*w - 2*w. What are the prime factors of w?
2, 3
Let v(j) = j**3 + 8*j**2 - 12*j - 11. Let x be v(-9). Suppose 3*q - r - 4 + 0 = 0, 5*r - x = 3*q. Let s = 9 - q. List the prime factors of s.
2, 3
Let i(m) = -m**2 - 6*m + 9. Let h be i(-7). Let c = h + 13. List the prime factors of c.
3, 5
Suppose 3*a + 8 = 2*u, -3*a + 0 - 18 = 3*u. What are the prime factors of ((-1)/u)/((-1)/(-40))?
2, 5
What are the prime factors of 3 - (-5)/(-1) - -86?
2, 3, 7
List the prime factors of ((-59)/5)/((-4)/20).
59
Suppose -5 + 77 = 2*y. What are the prime factors of y?
2, 3
Suppose 5*x + 157 = 3*h, -3*x + 2*x - 51 = -h. Let b = h + -25. What are the prime factors of b?
2, 3
Let y = -1 - -2. List the prime factors of (7/(14/20))/y.
2, 5
List the prime factors of -2 - (-9)/(36/104).
2, 3
Suppose 0 + 30 = 2*h. Suppose -3*l + 108 = h. List the prime factors of l.
31
Let v(w) = w**3 - 4*w**2 - 8*w. Let a(z) = -z**3 - 10*z**2 + 12. Let h be a(-10). Suppose -3*r + h = -r. What are the prime factors of v(r)?
2, 3
What are the prime factors of (-1)/1*2 + 15?
13
Let h(l) = -4*l - 9. Let f be h(-6). Suppose 3*v - 6*v + f = 0. Suppose -8 = 2*g, v*d + 2*g = 3*g + 19. List the prime factors of d.
3
Suppose 0 = -19*s + 14*s + 535. List the prime factors of s.
107
Let s = 46 - 3. What are the prime factors of s?
43
Suppose 12*i + 1302 = 18*i. List the prime factors of i.
7, 31
Let k be 4/10 + 22/(-55). Suppose -4*f + 2*y = k, -f = -4*f - 5*y + 26. What are the prime factors of f?
2
Suppose 0*z = 3*o + 2*z + 49, -3*o + z - 52 = 0. Let f = 80 - 49. Let h = o + f.